 4. Suppose 2*i = w - 8 + 2, 5*w = 5*i + 20. List the prime factors of (-1 - y)/(w/(-5)).
5
Suppose 27 + 99 = 3*q. What are the prime factors of q?
2, 3, 7
Let d = 56 + -19. List the prime factors of d.
37
Suppose -9 + 24 = 5*b. Suppose 0*w = b*w - 51. List the prime factors of w.
17
What are the prime factors of ((-6)/(-7))/((-6)/(-336))?
2, 3
Suppose 2*w - 1 - 5 = 0. Suppose -5*l = 2*t + w*t - 25, 2*l - 3*t - 20 = 0. What are the prime factors of l?
7
Suppose 4*c + 10 = -4*h + 2*c, 11 = -5*h - 2*c. What are the prime factors of ((11 - 2)/(-1))/h?
3
Let g(l) be the second derivative of l**4/3 - l**3/6 - l**2 - 4*l. What are the prime factors of g(-1)?
3
List the prime factors of (-1)/(-3)*3*(-3 - -50).
47
List the prime factors of ((-24)/(-14))/(8/280).
2, 3, 5
Suppose 0 = -r - 4*r + 85. Suppose 0 = -4*l - j - 2*j + r, 8 = l + 2*j. What are the prime factors of l?
2
Let a(x) = -x**3 + 2*x. Let u be a(-2). Suppose 4*c - 6 = u*r + 2, 0 = 3*r - 2*c + 10. Let b = r + 11. What are the prime factors of b?
5
Let c be (-2 - -2)/(2/1). Let z(n) = 5 + 4*n**2 + c + 4*n - 3*n**2. List the prime factors of z(-5).
2, 5
Let g(d) = 2*d**2 - 7*d - 8. Suppose 4*q - 20 = k, 0*k + 4 = k. What are the prime factors of g(q)?
2, 11
Suppose 45 + 227 = 4*l. Let n = l - 41. What are the prime factors of n?
3
Let y(g) = 4*g. What are the prime factors of y(6)?
2, 3
Suppose 200 = 14*b - 10*b. List the prime factors of b.
2, 5
Let u(s) = 10*s**3 - s. Let h(l) = -l**3 - l**2 - 1. Let d(b) = -h(b) - u(b). List the prime factors of d(-1).
2, 5
Suppose -4*d = -d. Let a(y) be the first derivative of y**4/4 - y**2/2 + 15*y + 6. What are the prime factors of a(d)?
3, 5
Let x(h) = -3*h + 9*h**2 - 3 + 5 - h**3 - 5*h. Let v be x(8). What are the prime factors of (-44)/(-6) + v/(-6)?
7
Let w(h) = -h**3 - 5*h**2 + 5*h - 4. Let d be w(-6). Suppose 0 = -d*a + a. Suppose -o + 7*f + 8 = 3*f, -5*o - 5*f + 15 = a. List the prime factors of o.
2
Let b(g) = -g + 1. Let m be b(-3). Let i = 0 + m. Suppose 0 = -9*x + i*x + 45. List the prime factors of x.
3
Suppose 7*a - 54 = 23. What are the prime factors of a?
11
Let q be -2*(-3 - (-50)/4). Let v = q - -49. What are the prime factors of v?
2, 3, 5
Let v(g) = 8*g - 10. Let c(w) = -w**3 + 4*w**2 + 8*w - 11. Let b be c(5). What are the prime factors of v(b)?
2, 11
Suppose 3*q - 53 = -5*r, 5*q - 3 = 2. Suppose -i + 9 = -3*d, -i - d = -0*i + 7. Let m = r + i. What are the prime factors of m?
7
Let w = -7 + 12. Suppose -w*s = -3*a + 14, -2 = -2*a - 0*a - 4*s. List the prime factors of (11/a)/(3/9).
11
Let y be (2 + 2/(-3))*-3. Let m = y + 5. List the prime factors of m*-3 + (-30)/(-5).
3
Let m = 15 + -11. Let x(i) = -i**3 + 6*i**2 - 4*i + 2. Let r be x(m). Let h = r + -12. List the prime factors of h.
2, 3
Let h = 3 - 3. Suppose h = 5*r - r - 8. Suppose 3*k = k - r*a + 16, 3 = -a. List the prime factors of k.
11
Let k be (2 - 4)*15/(-10). Suppose -9 = -k*h + 2*h. Suppose -h = -q - s, -3*q + 4*s + 9 = s. What are the prime factors of q?
2, 3
Let w = 68 + 96. List the prime factors of w.
2, 41
Let b be (-75)/(-10) - (-3)/6. Suppose b*t = 3*t + 140. List the prime factors of t.
2, 7
Let o(k) = k**3 - 5*k**2 + 1. Let r be o(5). Suppose -5*m = h - 112, 4 = -h + r. List the prime factors of m.
23
Suppose 5*v + 5*z - 290 = 0, -4*v - 4*z + 224 = -8*z. List the prime factors of v.
3, 19
Suppose f + 2*t - 22 = 4*t, -2*f + 28 = 4*t. What are the prime factors of f?
2, 3
Suppose 2*y + 2*y - 20 = 0. Let b be (y/(-2))/((-1)/10). Suppose l + 4*l = b. List the prime factors of l.
5
Let m = 34 - 16. Suppose -5*f = -3*s - f + 6, 5*f = 3*s - 6. Suppose m = j + s*j. What are the prime factors of j?
2, 3
Let i(h) = 2*h**3 + 17*h**2 + 6. List the prime factors of i(-7).
3, 17
Suppose 73 = -4*m + x, -2*m - 4*x - 33 = -1. Let s = -13 - m. List the prime factors of s.
5
Suppose -7*o + 4116 = 5*o. List the prime factors of o.
7
Let b be 5/(5/(-3)) - -2. Let y = -5 - b. Let q = 1 - y. What are the prime factors of q?
5
Suppose 29 = -5*m - 31. Let o = -8 - m. List the prime factors of o.
2
Let m be (-132)/21 - (-8)/28. Let v be (m/(-9))/((-4)/(-18)). Suppose 0 = v*i + 4 - 25. What are the prime factors of i?
7
Let m be (-4)/(-5)*(1 + 4). Suppose 0 = m*q + g - 11, 5*q - 4*g - 32 = 2*q. Suppose -k = -j + 6, 10 = -2*j + q*k + 30. List the prime factors of j.
2
Let u = 4 + -4. Suppose u = 3*a - 9. What are the prime factors of a?
3
Suppose 0 = -2*q + q + 200. List the prime factors of q.
2, 5
Let z(l) = -l**3 + l**2 + 47. Let i be 1 + 3/(-3)*1. Let o be z(i). Suppose 4*q - o = -15. List the prime factors of q.
2
Let w = -101 - -178. What are the prime factors of w?
7, 11
Suppose 4*l - 21 = 5*l. Let q = l - -46. List the prime factors of q.
5
Suppose 9*c = 7*c - 18. Let q(z) = z**3 + 10*z**2 + 7*z - 1. What are the prime factors of q(c)?
17
Let b(t) = 4 - t**3 - 2*t - 6*t**2 - 2*t - t. Let p be b(-5). Suppose 0*i - 40 = -p*i. What are the prime factors of i?
2, 5
Let s = 19 - -23. Suppose 3*z - s = z. List the prime factors of z.
3, 7
What are the prime factors of ((-3)/2)/((-1)/24)?
2, 3
Suppose -2*a - 12 = -3*a. Suppose -3*o + 2*u - 21 = 14, 3*u = -3*o - 15. Let g = o + a. What are the prime factors of g?
3
Suppose -b = -3*b + 4. Suppose 89 = 4*g - 5*i, 0*i - 54 = -4*g - b*i. Suppose -n - n = -g. What are the prime factors of n?
2
Let q = 0 - -7. Let h = q - 4. List the prime factors of (2/h)/((-1)/(-15)).
2, 5
Let a = -48 + 100. List the prime factors of a.
2, 13
Suppose 4*k + c = -24, 2*k - 3*c - 17 = 3*k. List the prime factors of 3/((45/(-12))/k).
2
Let h(d) = -4*d - 9. What are the prime factors of h(-7)?
19
Let q(r) = -19*r + 35. What are the prime factors of q(-4)?
3, 37
What are the prime factors of 150/(-4)*(-2)/3?
5
Let u(g) = -4*g - 3. Let o be u(-2). Let l(j) = -6*j**3 + 5*j**2 - 2*j + 3. Let m(f) = f**3. Let i(b) = o*m(b) + l(b). What are the prime factors of i(4)?
11
Suppose -4*q + 7*q - 2*s - 34 = 0, -5*s - 50 = -5*q. List the prime factors of q.
2, 7
Let h(m) = 6*m + 3. Let s be h(-7). Let o = s - -69. What are the prime factors of o?
2, 3, 5
Suppose n + 16 - 73 = 0. Suppose 0 = 2*l + 5 - n. List the prime factors of l.
2, 13
Let p be 15/6 + 2/(-4). Suppose -4*v - p + 70 = 0. What are the prime factors of v?
17
What are the prime factors of (-21263)/(-55) - (-2)/5?
3, 43
Suppose 4*v + 144 - 548 = 0. What are the prime factors of v?
101
Let v(n) = -n + 12. Let b be v(0). Let a = b - 4. What are the prime factors of a?
2
Let b(n) = 4*n**3 - 3*n**2 + 2*n - 2. Suppose 10 = -2*v + 7*v + t, -2*v - 4*t + 4 = 0. List the prime factors of b(v).
2, 11
Let t be ((-6)/24)/((-2)/184). Let v = t + -21. What are the prime factors of v?
2
Let g(k) be the second derivative of k**4/12 - 3*k**3/2 + 4*k**2 - k. What are the prime factors of g(12)?
2, 11
Let m(b) = 2*b**2 - 2*b + 1. Let y(i) = i**2 - 18*i + 21. Let t be y(17). List the prime factors of m(t).
5
Let p = -2 - -6. Suppose -f - 145 = -p*f - 5*j, -5*f - 4*j + 220 = 0. What are the prime factors of f?
2, 5
Let a(r) = r**3 + 5*r**2 + 4*r + 4. Suppose -5*d = -3*d - h - 20, 0 = -4*d + h + 38. Let u = d + -13. What are the prime factors of a(u)?
2
Let p(z) = -3*z + 5*z - 3*z + 3 - z**3 - z**2. Let u be p(0). Suppose m + u*m = 36. What are the prime factors of m?
3
Let h = 26 + -18. List the prime factors of h.
2
Suppose -x = 0, 5*s + 5*x = x + 55. Let m = s + -21. Let u = m - -24. What are the prime factors of u?
2, 7
Let h(z) = -z**3 - 7*z**2 - 5*z + 7. Let f be h(-6). Let b = -2 + 5. What are the prime factors of f + 30/b + 3?
2, 7
Let s be (-16)/(-7) - (-2)/(-7). List the prime factors of 3 + -5*(s - 4).
13
Let t(h) = 2*h - 1. Let m(n) = -10*n + 3. Let a(v) = -2*m(v) - 9*t(v). Let f be 22/5 + (-2)/5. List the prime factors of a(f).
11
Let h be 174/(-10) - 6/(-15). Let c = h + 39. List the prime factors of c.
2, 11
Let z be 4/18 - 104/(-18). What are the prime factors of 3*28/z*1?
2, 7
Let i(o) be the second derivative of o**4/12 - 7*o**3/6 + 7*o**2/2 + 2*o. Let n be i(5). What are the prime factors of (-4 - 1)*n/5?
3
Suppose 5*g = -5*l + 25, -l - 2*l + 30 = -2*g. Let t = l + -12. List the prime factors of 9*3/(-12)*t.
3
Suppose 4*r - 18 = 86. List the prime factors of r.
2, 13
Let o be (-1)/3*(2 - 5). Suppose -3 = -2*p